{"id":12,"date":"2021-10-02T10:12:44","date_gmt":"2021-10-02T08:12:44","guid":{"rendered":"http:\/\/pechanous.org\/?page_id=12"},"modified":"2023-08-04T09:45:48","modified_gmt":"2023-08-04T07:45:48","slug":"contacts","status":"publish","type":"page","link":"http:\/\/pechanous.org\/index.php\/contacts\/","title":{"rendered":"Contacts et Infos"},"content":{"rendered":"\n<p><strong>Horaires<\/strong> : Bar-\u00c9picerie ouvert les <strong>mercredis et vendredis de 18h \u00e0 21h <\/strong><\/p>\n\n\n\n<p><strong>Lieu<\/strong> : La salle des glaces, rue du fort, 31320 Pechabou (\u00e0 droite de la Mairie)<\/p>\n\n\n\n<p>Nous \u00e9crire : contact@pechanous.org <\/p>\n\n\n\n<p><strong>Nous suivre sur la toile&#8230;<\/strong> : Facebook : @LeBarDuBoutDeLaColline \/\/ Insta : @barduboutdelacolline<\/p>\n\n\n\n<p><strong>En libre utilisation dans le bar<\/strong> : des jeux du monde, des livres, un baby foot, des kits p\u00e9tanque et molky, et de la musique !<\/p>\n\n\n\n<p><strong>Le bar, c&rsquo;est nous ! <\/strong><\/p>\n\n\n\n<p><img loading=\"lazy\" decoding=\"async\" width=\"800\" height=\"1062\" class=\"wp-image-508\" style=\"width: 800px;\" src=\"http:\/\/pechanous.org\/wp-content\/uploads\/2023\/07\/trombi-vert-.png\" alt=\"\" srcset=\"http:\/\/pechanous.org\/wp-content\/uploads\/2023\/07\/trombi-vert-.png 660w, http:\/\/pechanous.org\/wp-content\/uploads\/2023\/07\/trombi-vert--226x300.png 226w\" sizes=\"auto, (max-width: 800px) 100vw, 800px\" \/><br><\/p>\n\n\n\n<h2 class=\"wp-block-heading\">R\u00e8glements Int\u00e9rieur<\/h2>\n\n\n\n<p>Le<strong class=\"privacy-policy-tutorial\"><\/strong> r\u00e8glement int\u00e9rieur du Bar \/ Pech&rsquo;\u00e0 nous est disponible ici : <a rel=\"noreferrer noopener\" href=\"http:\/\/pechanous.org\/docs\/RI_v20211221.pdf\" target=\"_blank\">R\u00e8glement Int\u00e9rieur<\/a> <\/p>\n\n\n\n<h2 class=\"wp-block-heading\">Statuts<\/h2>\n\n\n\n<p>Les statuts de l&rsquo;association Pech&rsquo;\u00e0 nous sont disponibles ici : <a rel=\"noreferrer noopener\" href=\"http:\/\/pechanous.org\/docs\/STATUTS_v20211114.pdf\" target=\"_blank\">Statuts<\/a><br>Pour consommer il faut \u00eatre adh\u00e9rent au bar. L&rsquo;adh\u00e9sion c&rsquo;est 2 \u20ac l&rsquo;ann\u00e9e (civile) pour les + de 18 ans . <\/p>\n\n\n\n<h2 class=\"wp-block-heading\">Elles nous ont aid\u00e9, Merci !<\/h2>\n\n\n\n<p>Ce bar n&rsquo;aurait pas vu le jour sans l&rsquo;aide et l&rsquo;investissement indispensable de <strong>la Mairie de P\u00e9chabou<\/strong>, et de toute l&rsquo;\u00e9quipe municipale qui mettent \u00e0 notre disposition une superbe salle, \u00e9clair\u00e9e (et chauff\u00e9e l&rsquo;hiver&#8230;), plein de petits mat\u00e9riels et&#8230; un baby foot ! Un grand merci !<br>Un grand merci aussi \u00e0<strong> la R\u00e9gion Occitanie <\/strong>qui nous permet de financer des ateliers, des intervenant.e.s et des concerts pour porter haut les valeurs de convivialit\u00e9 et de partage du lieu. Un grand merci aussi ! <\/p>\n\n\n\n<p><img loading=\"lazy\" decoding=\"async\" width=\"136\" height=\"134\" class=\"wp-image-226\" style=\"width: 136px;\" src=\"http:\/\/pechanous.org\/wp-content\/uploads\/2022\/06\/logo-mairie-pechabou.png\" alt=\"\">                 <img loading=\"lazy\" decoding=\"async\" width=\"124\" height=\"124\" class=\"wp-image-227\" style=\"width: 124px;\" src=\"http:\/\/pechanous.org\/wp-content\/uploads\/2022\/06\/OC-1706-instit-logo-carre-quadri-150x150-72dpi.jpg\" alt=\"\" srcset=\"http:\/\/pechanous.org\/wp-content\/uploads\/2022\/06\/OC-1706-instit-logo-carre-quadri-150x150-72dpi.jpg 426w, http:\/\/pechanous.org\/wp-content\/uploads\/2022\/06\/OC-1706-instit-logo-carre-quadri-150x150-72dpi-300x300.jpg 300w, http:\/\/pechanous.org\/wp-content\/uploads\/2022\/06\/OC-1706-instit-logo-carre-quadri-150x150-72dpi-150x150.jpg 150w\" sizes=\"auto, (max-width: 124px) 100vw, 124px\" \/><\/p>\n","protected":false},"excerpt":{"rendered":"<div class=\"entry-summary\">\nHoraires : Bar-\u00c9picerie ouvert les mercredis et vendredis de 18h \u00e0 21h&hellip;\n<\/div>\n<div class=\"link-more\"><a href=\"http:\/\/pechanous.org\/index.php\/contacts\/\" class=\"more-link\">Continue reading<span class=\"screen-reader-text\"> &ldquo;Contacts et Infos&rdquo;<\/span>&hellip;<\/a><\/div>\n","protected":false},"author":1,"featured_media":0,"parent":0,"menu_order":0,"comment_status":"closed","ping_status":"closed","template":"","meta":{"footnotes":""},"class_list":["post-12","page","type-page","status-publish","hentry","entry"],"_links":{"self":[{"href":"http:\/\/pechanous.org\/index.php\/wp-json\/wp\/v2\/pages\/12","targetHints":{"allow":["GET"]}}],"collection":[{"href":"http:\/\/pechanous.org\/index.php\/wp-json\/wp\/v2\/pages"}],"about":[{"href":"http:\/\/pechanous.org\/index.php\/wp-json\/wp\/v2\/types\/page"}],"author":[{"embeddable":true,"href":"http:\/\/pechanous.org\/index.php\/wp-json\/wp\/v2\/users\/1"}],"replies":[{"embeddable":true,"href":"http:\/\/pechanous.org\/index.php\/wp-json\/wp\/v2\/comments?post=12"}],"version-history":[{"count":14,"href":"http:\/\/pechanous.org\/index.php\/wp-json\/wp\/v2\/pages\/12\/revisions"}],"predecessor-version":[{"id":542,"href":"http:\/\/pechanous.org\/index.php\/wp-json\/wp\/v2\/pages\/12\/revisions\/542"}],"wp:attachment":[{"href":"http:\/\/pechanous.org\/index.php\/wp-json\/wp\/v2\/media?parent=12"}],"curies":[{"name":"wp","href":"https:\/\/api.w.org\/{rel}","templated":true}]}}